
36
Suppose -33 = -2*d - o, -d - 4*d = -5*o - 90. Calculate the remainder when 0 + 2 + -2 + 47 is divided by d.
13
Suppose 2*o + 3 = -5. Suppose 2*f + 4*m + 38 = 0, f - 4*m = 4*f + 67. Calculate the remainder when 19 is divided by f/(-4) + o/16.
5
Let y = 102 + -44. Suppose y - 10 = 3*w + 2*k, -3*w - 4*k = -54. Let s = -40 - -66. Calculate the remainder when s is divided by w.
12
Suppose -3*k + 122 - 24 = 2*h, -2*k + 50 = h. Calculate the remainder when h is divided by 12.
10
Let d = -88 + 138. What is the remainder when 149 is divided by d?
49
Let m(l) = -5*l - 18*l + 0*l. Suppose 0*i = 5*u + 3*i - 49, 4*u - 2*i - 26 = 0. What is the remainder when m(-1) is divided by u?
7
Let l(s) = -2*s - 2. Suppose -3*b = 2*j - 3*j - 8, j + 5*b = 8. Let q = j - -16. What is the remainder when q is divided by l(-5)?
6
Let a = 2 + 2. Suppose -a*f - 47 = -143. Suppose -127 - 29 = -12*m. Calculate the remainder when f is divided by m.
11
What is the remainder when 61 is divided by (1 - -19)*(-48)/(-60)?
13
Suppose -67 + 15 = -4*l. What is the remainder when 51 is divided by l?
12
Let f(u) = 2*u**2 - 6*u - 1. Let m be 2/(-1) + -8 + 6. Calculate the remainder when f(m) is divided by 14.
13
Suppose -280 = -8*d + 32. Let u = 36 - 26. What is the remainder when d is divided by u?
9
Let k(m) = -m**3 + 10*m**2 - 8*m + 3. Let a = -61 + 107. What is the remainder when a is divided by k(9)?
10
What is the remainder when 5/((-40)/(-76)) - (-10)/(-4) is divided by 5?
2
Suppose -2*n - n = -15. Calculate the remainder when n is divided by 4.
1
Calculate the remainder when 4 is divided by (7 - -1 - 3) + -2.
1
Let w(b) = 4*b**2 - b - 1. Let a be w(2). Let z = a + 18. What is the remainder when z is divided by 8?
7
Suppose n = -2*n + 15. Suppose 3*c = n*c - 26. Let o(i) = -i**3 + 4*i**2 - 2. What is the remainder when c is divided by o(3)?
6
Suppose 8*k - 3*k - 30 = 0. What is the remainder when 29 is divided by k?
5
Suppose -2*i - 28 = b, 33 = -4*i + 3*b - 13. Let q = 30 + i. What is the remainder when q is divided by 6?
5
Let a(s) = -s**2 + 14*s - 11. What is the remainder when 22 is divided by a(12)?
9
What is the remainder when 23 + 3 + -10 + 4 is divided by 11?
9
Let l(n) = 3*n**3 + 2*n**2 + n - 2. Let v be l(2). Suppose z = 2*a + 13, -a = -2*z - 3*a + v. What is the remainder when z is divided by 9?
6
Suppose -3 = -s - 11. Let j be (3/(-6))/((-2)/s). Let d = j + 5. Calculate the remainder when 7 is divided by d.
1
Suppose -15 + 69 = y. What is the remainder when y is divided by 11?
10
Let u = 6 - 140. Let x = u - -47. Calculate the remainder when (2/(-3))/(2/x) is divided by 10.
9
Suppose 0 = o - 0*o - 72. Calculate the remainder when o is divided by 15.
12
Let s be (-1 - 2 - -5) + 12. Let l = s - 7. Calculate the remainder when 13 is divided by l.
6
Let b = -9 - -9. Suppose b = j - 17 - 20. Suppose -z + 2*z = -4*p + 72, -5*p + 87 = 2*z. What is the remainder when j is divided by p?
18
Let x be (-4)/10 - (-36)/15. Suppose -x*v - 2*v = -12. Suppose 2*p = 3*i - 17, v*p - 34 = -6*i + 2*i. Calculate the remainder when 19 is divided by i.
5
Suppose 4*s + 4 = 6*s - 3*j, 3*s = j + 6. Let b = 17 + -4. Suppose 0 = -3*h + b - 1. What is the remainder when h is divided by s?
0
Suppose -p = 2*p - 108. What is the remainder when p is divided by 10?
6
Suppose j + 2*x - 4 - 9 = 0, -4*x + 12 = 0. Calculate the remainder when (29 - 0 - 2) + -1 is divided by j.
5
Suppose -5*z - 3*u + 20 = -15, -4*z = -4*u + 4. Suppose -5*p = z - 24. Let i(a) = -a**3 + 5*a**2 + a - 3. Calculate the remainder when i(p) is divided by 6.
5
What is the remainder when (-20)/8 + 2 - 105/(-2) is divided by 28?
24
Let d = 0 - -21. Let o(v) = v**3 - 5*v**2 + 2*v - 4. Calculate the remainder when d is divided by o(5).
3
Let f = 3 - 1. Let m(p) = -5*p + 21. Let j be m(3). Suppose -f*r + 2*v + 19 = -1, 3*v = -3*r + j. Calculate the remainder when r is divided by 2.
0
What is the remainder when 174/(-4)*4*(-5)/10 is divided by 10?
7
Let g = -3 + 15. What is the remainder when 33 is divided by g?
9
Suppose 20*z - 14*z - 210 = 0. What is the remainder when 135 is divided by z?
30
Let f be (-1 - 0)/((-3)/21). Let d = 14 - f. Calculate the remainder when 12 is divided by d.
5
Let t be 4/(-18) + 14/(-18). Let n be (t + -2)/((-3)/(-15)). What is the remainder when ((-99)/n)/(3/15) is divided by 12?
9
Let z = 42 - 41. Calculate the remainder when 5 is divided by z.
0
Suppose -5*i - 3*o + 6*o = -131, -4*o - 16 = -i. Calculate the remainder when 138 is divided by i.
26
Suppose -5*b = 2*k - 38, -2*b - 2*b + 34 = 2*k. Calculate the remainder when k is divided by 6.
3
Let m be (-2 - 1) + 4 - -19. Suppose 8*j - 3*j = m. Let z(x) = x**3 + 7*x**2 + 5*x. What is the remainder when z(-6) is divided by j?
2
Let d be (-15)/25 + (-26)/(-10). Suppose -d*a + 64 + 92 = 3*i, 5*i + 440 = 5*a. What is the remainder when a is divided by 29?
26
Suppose 6*q - 5*q = 46. What is the remainder when q is divided by 16?
14
Suppose -d + 6 = 2*d. Suppose 0 = -4*a + r + 32 + 24, 28 = d*a + 2*r. What is the remainder when 39 is divided by a?
11
Suppose 4*v + d = -v - 16, -2*v + d = 5. Let w(f) = -8*f - 1. Let x be w(v). Suppose -x = -2*q + 45. What is the remainder when q is divided by 12?
10
Let g(b) = -18*b**3 - 2*b**2 - 2*b - 1. Let p be g(-1). Suppose -86 + p = -3*u. What is the remainder when u is divided by 12?
11
Let f(d) = d**2 - 8*d + 1. Let q be f(4). Let v be (q/(-6) + -2)*10. Calculate the remainder when 37 is divided by 2/10 + 64/v.
11
Let r(k) = -2*k - 5. Let n(u) = -u - 3. Let c(y) = 5*n(y) - 3*r(y). Calculate the remainder when 30 is divided by c(11).
8
Calculate the remainder when 0 + 55 - (7 - 5) is divided by 19.
15
Suppose 16*s - 123 = 13*s. Calculate the remainder when s is divided by 14.
13
Suppose 0 = -3*p + 57 - 9. What is the remainder when 77 is divided by p?
13
Calculate the remainder when 3 - (-20 - 3 - 2) is divided by 17.
11
Suppose -x = -3*x - 4, 5*o = x + 17. Suppose -m = o*m. Let t = 1 - m. What is the remainder when 1 is divided by t?
0
Suppose 0 = -3*t - 5*w + 170, 112 = 2*t - 2*w + 4*w. Calculate the remainder when 216 is divided by t.
51
Suppose 2*k = -0*k + 134. Calculate the remainder when k is divided by 20.
7
Suppose 6*j - 5*j = 2. Suppose -3*n + 6 = 2*t - 10, -3*t = j*n - 19. What is the remainder when 4 is divided by n?
0
Let u = -27 - -23. Let j(c) = -9*c + 1. Calculate the remainder when j(u) is divided by 13.
11
Let l = 0 - -1. Let x(o) = 13*o**3 - 1. Let j(y) = y**3 + 8*y**2 + 6*y - 1. What is the remainder when j(-6) is divided by x(l)?
11
Let i(n) = -2*n - 1. Let d be i(-2). Calculate the remainder when 3 is divided by 4*(d - 5/2).
1
Let z(f) = -f**2 - 1. Let a be z(3). What is the remainder when a*(5/(-2) + 2) is divided by 3?
2
Suppose 5*o - 15 = -f - 6, 3*o + 13 = 4*f. Let q be (-2)/o - (-7 + -1). Suppose 6 = q*t - 3*t. Calculate the remainder when 3 is divided by t.
1
Let p(g) = g**3 - 5*g**2 + 2*g + 2. Calculate the remainder when p(6) is divided by 13.
11
Let w(q) = 11*q**2 - q - 1. What is the remainder when 29 is divided by w(-1)?
7
Let g be (10/(-30))/((-1)/3). Let b(j) = 26*j - 1. What is the remainder when b(g) is divided by 13?
12
Let f(a) = 8*a**2 - 4*a**2 + 0*a**2 - a**3. Let q be f(4). Suppose -40 = -4*t - q*t. What is the remainder when 18 is divided by t?
8
Let a = 25 + -3. What is the remainder when 64 is divided by a?
20
Let c(k) = 35*k**2 + 4*k - 14. What is the remainder when c(3) is divided by 15?
13
Let w(s) = s**2 - 1. Let t be w(2). Suppose 6 = -t*c + 15. What is the remainder when 5 is divided by c?
2
Let i(u) = 3*u**3 + u**2. What is the remainder when 19 is divided by i(1)?
3
What is the remainder when 58 is divided by (22/(-66))/(2/(-90))?
13
Let b = 2 - 7. Let z(i) = -i**3 - 4*i**2 + 6*i + 3. Let p be z(b). What is the remainder when 30 is divided by ((-1)/p)/((-2)/(-64))?
14
Let t = 6 + -5. Suppose 4*p - t - 27 = 0. What is the remainder when 20 is divided by p?
6
Let v = -53 - -84. What is the remainder when v is divided by 11?
9
Let d = -25 - -49. Suppose d = -g + 4*g. What is the remainder when g is divided by 3?
2
Let u(l) = -l**3 + 2*l**2 + 4*l + 3. What is the remainder when u(-2) is divided by 4?
3
Suppose 0 = -2*n - 3*p + 5, -n - 5*p = 2*n - 5. What is the remainde